{"id":7,"date":"2018-05-29T15:43:48","date_gmt":"2018-05-29T15:43:48","guid":{"rendered":"http:\/\/test.fg-patent.de\/?page_id=7"},"modified":"2025-04-13T18:09:27","modified_gmt":"2025-04-13T18:09:27","slug":"kanzlei","status":"publish","type":"page","link":"https:\/\/fg-patent.de\/","title":{"rendered":"Kanzlei"},"content":{"rendered":"<p>Martin Guhl hat vor rund 100 Jahren ein Patent f\u00fcr eine &#8222;Bleistiftsch\u00e4rfvorrichtung&#8220; angemeldet. Anschlie\u00dfend hat er diese erfolgreich gefertigt und vertrieben. Heute ist seine Erfindung \u00fcberholt und die Maschine weckt vor allem Erinnerungen an eine vergangene Zeit.<\/p>\n<p><img loading=\"lazy\" decoding=\"async\" class=\"size-medium wp-image-132 aligncenter\" src=\"https:\/\/fg-patent.de\/wp-content\/uploads\/2018\/05\/guhl2-300x300.gif\" alt=\"\" width=\"300\" height=\"300\" srcset=\"https:\/\/fg-patent.de\/wp-content\/uploads\/2018\/05\/guhl2-300x300.gif 300w, https:\/\/fg-patent.de\/wp-content\/uploads\/2018\/05\/guhl2-150x150.gif 150w, https:\/\/fg-patent.de\/wp-content\/uploads\/2018\/05\/guhl2-100x100.gif 100w\" sizes=\"auto, (max-width: 300px) 100vw, 300px\" \/><\/p>\n<p>Seit Martin Guhls Erfindung hat sich viel ver\u00e4ndert. Die grundlegenden Zusammenh\u00e4nge sind jedoch gleich geblieben. Auch heute entwickeln innovative Erfinder neue Produkte, neue Marken und neue Designs. Um diese Entwicklungen in der Anfangszeit ungest\u00f6rt vermarkten zu k\u00f6nnen, ist vom Gesetzgeber mit dem Patent- und Markenrecht ein besonderer Schutz vorgesehen. Dieser Schutz ist aber nicht automatisch gegeben, sondern muss beantragt und im Streitfall auch verteidigt werden. Dabei unterst\u00fctzen wir Sie gern.<\/p>\n<p>Wir engagieren uns seit vielen Jahren f\u00fcr sehr unterschiedliche Mandanten. Die Bandbreite reicht vom Start-Up \u00fcber das mittelst\u00e4ndische Unternehmen bis zum Konzern. Unsere Mandanten sind in verschiedenen technischen Bereichen t\u00e4tig. Aufgrund unseres Wissens, unserer Erfahrung und unseres globalen Netzwerks k\u00f6nnen wir eine effiziente Betreuung und fachkundige Vertretung bei Beh\u00f6rden und Gerichten in Deutschland, Europa und weltweit sicherstellen.<\/p>\n<p>Optimalen Schutz zu erreichen, ist leichter gesagt als getan. Wir wissen, was technisch und rechtlich m\u00f6glich ist und k\u00f6nnen Sie umfassend beraten und vertreten.<\/p>\n","protected":false},"excerpt":{"rendered":"<p>Martin Guhl hat vor rund 100 Jahren ein Patent f\u00fcr eine &#8222;Bleistiftsch\u00e4rfvorrichtung&#8220; angemeldet. Anschlie\u00dfend hat er diese erfolgreich gefertigt und vertrieben. Heute ist seine Erfindung \u00fcberholt und die Maschine weckt vor allem Erinnerungen an eine vergangene Zeit. Seit Martin Guhls Erfindung hat sich viel ver\u00e4ndert. Die grundlegenden Zusammenh\u00e4nge sind jedoch gleich geblieben. Auch heute entwickeln &hellip; <\/p>\n<p class=\"link-more\"><a href=\"https:\/\/fg-patent.de\/\" class=\"more-link\"><span class=\"screen-reader-text\">\u201eKanzlei\u201c<\/span> weiterlesen<\/a><\/p>\n","protected":false},"author":1,"featured_media":0,"parent":0,"menu_order":0,"comment_status":"closed","ping_status":"closed","template":"","meta":{"footnotes":""},"class_list":["post-7","page","type-page","status-publish","hentry"],"_links":{"self":[{"href":"https:\/\/fg-patent.de\/index.php?rest_route=\/wp\/v2\/pages\/7","targetHints":{"allow":["GET"]}}],"collection":[{"href":"https:\/\/fg-patent.de\/index.php?rest_route=\/wp\/v2\/pages"}],"about":[{"href":"https:\/\/fg-patent.de\/index.php?rest_route=\/wp\/v2\/types\/page"}],"author":[{"embeddable":true,"href":"https:\/\/fg-patent.de\/index.php?rest_route=\/wp\/v2\/users\/1"}],"replies":[{"embeddable":true,"href":"https:\/\/fg-patent.de\/index.php?rest_route=%2Fwp%2Fv2%2Fcomments&post=7"}],"version-history":[{"count":4,"href":"https:\/\/fg-patent.de\/index.php?rest_route=\/wp\/v2\/pages\/7\/revisions"}],"predecessor-version":[{"id":272,"href":"https:\/\/fg-patent.de\/index.php?rest_route=\/wp\/v2\/pages\/7\/revisions\/272"}],"wp:attachment":[{"href":"https:\/\/fg-patent.de\/index.php?rest_route=%2Fwp%2Fv2%2Fmedia&parent=7"}],"curies":[{"name":"wp","href":"https:\/\/api.w.org\/{rel}","templated":true}]}}