{"id":371,"date":"2024-09-13T12:44:40","date_gmt":"2024-09-13T12:44:40","guid":{"rendered":"https:\/\/fg-patent.de\/?page_id=371"},"modified":"2025-04-13T18:09:27","modified_gmt":"2025-04-13T18:09:27","slug":"dr-cesare-pini","status":"publish","type":"page","link":"https:\/\/fg-patent.de\/?page_id=371","title":{"rendered":"Dr. Cesare Pini"},"content":{"rendered":"<h5 style=\"padding top: 0px;\"><img loading=\"lazy\" decoding=\"async\" class=\"alignright wp-image-381 size-medium\" src=\"https:\/\/fg-patent.de\/wp-content\/uploads\/2024\/09\/Pini_Foto_red-205x300.jpg\" alt=\"\" width=\"205\" height=\"300\" srcset=\"https:\/\/fg-patent.de\/wp-content\/uploads\/2024\/09\/Pini_Foto_red-205x300.jpg 205w, https:\/\/fg-patent.de\/wp-content\/uploads\/2024\/09\/Pini_Foto_red.jpg 347w\" sizes=\"auto, (max-width: 205px) 100vw, 205px\" \/>PATENTANWALT<br \/>\nEUROPEAN PATENT ATTORNEY<br \/>\nEUROPEAN TRADEMARK AND DESIGN ATTORNEY<br \/>\nZUGELASSENER VERTRETER VOR DEM \u00d6STERREICHISCHEN PATENTAMT<\/h5>\n<p>&nbsp;<\/p>\n<p><strong>T\u00e4tigkeitsschwerpunkte<\/strong><br \/>\nPatent- und Gebrauchsmusterverfahren, insbesondere in den Bereichen des allgemeinen Maschinenbaus, der K\u00e4lte- und W\u00e4rmeerzeugungsger\u00e4te, der Fluidik, der Pneumatik, der Hydraulik, der Haushaltsger\u00e4te, der Luft- und Raumfahrt, der Energietechnik und der Elektrotechnik, der Kunststoffformgebungsmaschinen, der Mikro- und Nanotechnologien<\/p>\n<p>Einspr\u00fcche, Nichtigkeitsverfahren in den oben benannten technischen Gebieten<\/p>\n<p>Deutsches und internationales Marken- und Kennzeichenrecht<\/p>\n<p>Freedom to Operate Gutachten<\/p>\n<p><strong>Sprachen<\/strong><br \/>\nDeutsch, Englisch, Italienisch<\/p>\n<p><strong>Ausbildung und berufliche T\u00e4tigkeit<\/strong><br \/>\n2007-2012<br \/>\nStudium des Maschinenbaus am Politecnico di Torino, Tongji University in Shanghai und Technische Universit\u00e4t Darmstadt mit den Schwerpunkten Fluidik, Mikro- und Nanofluidik, Thermodynamik, Abschluss: Master of Science<\/p>\n<p>2013-2018<br \/>\nPromotion am Institut f\u00fcr Halbleiter- und Mikrosystemtechnik der TU Dresden und in Kooperation mit dem Exzellencluster Center for Advancing Electronics Dresden<\/p>\n<p>2017-2021<br \/>\nPatentanwaltskandidat und Patentassessor in einer renomierten M\u00fcnchener Kanzlei<\/p>\n<p>Deutscher Patentanwalt und Zugelassener Vertreter beim EUIPO seit 2021, Zugelassener Vertreter beim Europ\u00e4ischen Patentamt seit 2021<\/p>\n<p>2021-2024<br \/>\nT\u00e4tigkeit als Patentanwalt in eigener Kanzlei<\/p>\n<p>seit 2024<br \/>\nFreie Mitarbeit in der Kanzlei Friese Goeden<\/p>\n","protected":false},"excerpt":{"rendered":"<p>PATENTANWALT EUROPEAN PATENT ATTORNEY EUROPEAN TRADEMARK AND DESIGN ATTORNEY ZUGELASSENER VERTRETER VOR DEM \u00d6STERREICHISCHEN PATENTAMT &nbsp; T\u00e4tigkeitsschwerpunkte Patent- und Gebrauchsmusterverfahren, insbesondere in den Bereichen des allgemeinen Maschinenbaus, der K\u00e4lte- und W\u00e4rmeerzeugungsger\u00e4te, der Fluidik, der Pneumatik, der Hydraulik, der Haushaltsger\u00e4te, der Luft- und Raumfahrt, der Energietechnik und der Elektrotechnik, der Kunststoffformgebungsmaschinen, der Mikro- und Nanotechnologien Einspr\u00fcche, &hellip; <\/p>\n<p class=\"link-more\"><a href=\"https:\/\/fg-patent.de\/?page_id=371\" class=\"more-link\"><span class=\"screen-reader-text\">\u201eDr. Cesare Pini\u201c<\/span> weiterlesen<\/a><\/p>\n","protected":false},"author":1,"featured_media":0,"parent":0,"menu_order":0,"comment_status":"closed","ping_status":"closed","template":"","meta":{"footnotes":""},"class_list":["post-371","page","type-page","status-publish","hentry"],"_links":{"self":[{"href":"https:\/\/fg-patent.de\/index.php?rest_route=\/wp\/v2\/pages\/371","targetHints":{"allow":["GET"]}}],"collection":[{"href":"https:\/\/fg-patent.de\/index.php?rest_route=\/wp\/v2\/pages"}],"about":[{"href":"https:\/\/fg-patent.de\/index.php?rest_route=\/wp\/v2\/types\/page"}],"author":[{"embeddable":true,"href":"https:\/\/fg-patent.de\/index.php?rest_route=\/wp\/v2\/users\/1"}],"replies":[{"embeddable":true,"href":"https:\/\/fg-patent.de\/index.php?rest_route=%2Fwp%2Fv2%2Fcomments&post=371"}],"version-history":[{"count":7,"href":"https:\/\/fg-patent.de\/index.php?rest_route=\/wp\/v2\/pages\/371\/revisions"}],"predecessor-version":[{"id":403,"href":"https:\/\/fg-patent.de\/index.php?rest_route=\/wp\/v2\/pages\/371\/revisions\/403"}],"wp:attachment":[{"href":"https:\/\/fg-patent.de\/index.php?rest_route=%2Fwp%2Fv2%2Fmedia&parent=371"}],"curies":[{"name":"wp","href":"https:\/\/api.w.org\/{rel}","templated":true}]}}