{"id":15,"date":"2018-05-29T15:45:27","date_gmt":"2018-05-29T15:45:27","guid":{"rendered":"http:\/\/test.fg-patent.de\/?page_id=15"},"modified":"2025-04-13T18:09:27","modified_gmt":"2025-04-13T18:09:27","slug":"impressum","status":"publish","type":"page","link":"https:\/\/fg-patent.de\/?page_id=15","title":{"rendered":"Impressum"},"content":{"rendered":"<p><strong>FRIESE GOEDEN<\/strong><br \/>\n<strong>Patentanw\u00e4lte<br \/>\nPartnerschaft mbB<\/strong><\/p>\n<p><b>Widenmayerstr. 49<\/b><br \/>\n<strong>D-80538 M\u00fcnchen<\/strong><br \/>\n<strong>Deutschland<\/strong><\/p>\n<p><strong>Tel: +49 89 23141690<\/strong><br \/>\n<strong>Fax: +49 89 231416990<\/strong><br \/>\n<strong><span id=\"cloak8e1994f7af8d36098eb6c38e5cd0c967\"><a href=\"mailto:info@fg-patent.de\">info@fg-patent.de<\/a><\/span><\/strong><\/p>\n<p>Partnerschaftsgesellschaft, eingetragen unter der Nummer 1631 im Partnerschaftsregister des AG M\u00fcnchen. Partner der Gesellschaft sind Dr. Martin Friese und Dr. Christian Goeden.<\/p>\n<p>Verantwortliche im Sinne von \u00a7 55 II RStV und Vertretungsberechtigte gem\u00e4\u00df \u00a7 5 TMG f\u00fcr alle Dienste sind die Partner der Kanzlei.<\/p>\n<p>Umsatzsteuer-Identifikationsnummer: DE 306814944<\/p>\n<p>Die Berufsbezeichnung &#8222;Patentanwalt&#8220; wurde in der Bundesrepublik Deutschland verliehen. Die Patentanw\u00e4lte der\u00a0FRIESE GOEDEN sind in der beim Deutschen Patent- und Markenamt (DPMA) gef\u00fchrten Liste eingetragen und sind ferner Mitglieder der Patentanwaltskammer (www.patentanwaltskammer.de).<\/p>\n<p>Patentanw\u00e4lte unterliegen den folgenden berufsrechtlichen Regelungen: Patentanwaltsordnung (PAO), Berufsordnung der Patentanw\u00e4lte (BOPA), Standesregeln der\u00a0F\u00e9d\u00e9ration Internationale des Conseils en Propriet\u00e9 Industrielle (FICPI)\u00a0und der Dienstleistungs-Informationspflichten-Verordnung (DL-InfoV). Eine Bezugsquelle f\u00fcr die genannten Vorschriften ist die Patentanwaltskammer (<a title=\"pa-kammer\" href=\"http:\/\/www.patentanwalt.de\/\" target=\"_blank\" rel=\"noopener\">www.patentanwalt.de<\/a>).<\/p>\n<p>Die European Patent Attorneys (zugelassene Vertreter vor dem Europ\u00e4ischen Patentamt)\u00a0der\u00a0FRIESE GOEDEN sind beim Europ\u00e4ischen Patentamt\u00a0registriert und sind Mitglieder des Instituts der beim Europ\u00e4ischen Patentamt zugelassenen Vertreter (www.patentepi.com). Sie unterliegen den dortigen berufsrechtlichen Vorschriften (epi-informationen 2\/2001, 75) sowie den vom Verwaltungsrat der Europ\u00e4ischen Patentorganisation erlassenen Disziplinarvorschriften.<\/p>\n<p>Die European Trademark and Design Attorneys\u00a0der\u00a0FRIESE GOEDEN sind beim Amt der Europ\u00e4ischen Union f\u00fcr geistiges Eigentum registriert.<\/p>\n<p><strong>Kontaktadressen der zust\u00e4ndigen Standesorganisationen<\/strong><\/p>\n<p>Patentanwaltskammer<br \/>\nTal 29<br \/>\nD-80331 M\u00fcnchen<br \/>\nTelefon: +49-89-242278-0<br \/>\nTelefax: +49-89-242278-24<br \/>\nEmail:\u00a0<span id=\"cloak800d23c0cb216dec1779d6efdcbfe310\"><a href=\"mailto:info@patentanwalt.de\">info@patentanwalt.de<\/a><\/span><\/p>\n<p>epi<br \/>\nInstitut der beim Europ\u00e4ischen Patentamt zugelassenen Vertreter<br \/>\nTal 29<br \/>\nD-80331 M\u00fcnchen<br \/>\nTelefon: +49-(0)89-201 7080<br \/>\nTelefax: +49-(0)89-202 1548<br \/>\nEmail:\u00a0<span id=\"cloak095f816fcbed2e8830809718c5aade26\"><a href=\"mailto:info@patentepi.com\">info@patentepi.com<\/a><\/span><\/p>\n<p>Amt der Europ\u00e4ischen Union f\u00fcr geistiges Eigentum<br \/>\nAvenida de Europa, 4<br \/>\nE-03080 Alicante<br \/>\nTelefon: +34-96-513-9100<br \/>\nTelefax: +34-96-513-1344<br \/>\nEmail:\u00a0<span id=\"cloak52a8966c455c4414a79f81e421084843\"><a href=\"mailto:info@oami.europa.eu\">info@oami.europa.eu<\/a><\/span><\/p>\n<p>Die Patentanw\u00e4lte der Kanzlei f\u00fchren ihre Verm\u00f6gensschadens-Haftpflichtversicherung bei der<br \/>\nR+V Allgemeine Versicherung AG<br \/>\nTaunusstra\u00dfe 1<br \/>\nWiesbaden<br \/>\nInternet: www.ruv.de<br \/>\nGeltungsbereich: weltweit<\/p>\n<p>Diese Webseite enth\u00e4lt nur Informationen und Stellungnahmen allgemeiner Art zu rechtlichen Fragen und Entwicklungen im Bereich des gewerblichen Rechtsschutzes. Obwohl FRIESE GOEDEN\u00a0bem\u00fcht ist, die Informationen, die auf dieser Webseite angeboten werden, st\u00e4ndig zu aktualisieren und auf Richtigkeit zu \u00fcberpr\u00fcfen, sind diese Informationen und Stellungnahmen weder vollst\u00e4ndig noch k\u00f6nnen sie eine rechtliche Beratung ersetzen. Wir k\u00f6nnen deshalb keine Haftung f\u00fcr eine Entscheidung oder Handlung aufgrund der Informationen oder Stellungnahmen auf dieser Webseite \u00fcbernehmen. Wir empfehlen Ihnen vielmehr vor einer Entscheidung oder Handlung eine rechtliche Beratung einzuholen. Falls Sie eine rechtliche Frage haben oder weitergehende Informationen w\u00fcnschen, stehen wir Ihnen gerne zur Verf\u00fcgung.<\/p>\n<p>Diese Webseite beinhaltet auch Links zu anderen Webseiten. Diese anderen Webseiten werden von unabh\u00e4ngigen Dritten, \u00fcber die FRIESE GOEDEN\u00a0keine Kontrolle hat und f\u00fcr die\u00a0FRIESE GOEDEN\u00a0nicht verantwortlich ist, zur\u00a0Verf\u00fcgung gestellt. Aus diesem Grund k\u00f6nnen wir auch hinsichtlich der Webseiten Dritter, zu denen ein Link von dieser Webseite besteht, keine Haftung \u00fcbernehmen, insbesondere nicht f\u00fcr den Inhalt, die Verf\u00fcgbarkeit oder Ihre Nutzung dieser Webseiten Dritter.<\/p>\n<p>Copyright \u00a9 2016 FRIESE GOEDEN<br \/>\nF\u00fcr die Vollst\u00e4ndigkeit, Richtigkeit und Aktualit\u00e4t der Angaben wird keinerlei Gew\u00e4hr \u00fcbernommen. Jegliche Haftung ist ausgeschlossen. Alle ver\u00f6ffentlichten Objekte und Inhalte dieser Seite wie Grafiken, Bilder, Fotografien und Texte, sind urheberrechtlich gesch\u00fctzt. Die Vervielf\u00e4ltigung oder Verwendung hier sichtbarer Objekte und Inhalte in anderen elektronischen oder gedruckten Publikationen ist ohne unsere ausdr\u00fcckliche Zustimmung nicht gestattet.<\/p>\n","protected":false},"excerpt":{"rendered":"<p>FRIESE GOEDEN Patentanw\u00e4lte Partnerschaft mbB Widenmayerstr. 49 D-80538 M\u00fcnchen Deutschland Tel: +49 89 23141690 Fax: +49 89 231416990 info@fg-patent.de Partnerschaftsgesellschaft, eingetragen unter der Nummer 1631 im Partnerschaftsregister des AG M\u00fcnchen. Partner der Gesellschaft sind Dr. Martin Friese und Dr. Christian Goeden. Verantwortliche im Sinne von \u00a7 55 II RStV und Vertretungsberechtigte gem\u00e4\u00df \u00a7 5 TMG &hellip; <\/p>\n<p class=\"link-more\"><a href=\"https:\/\/fg-patent.de\/?page_id=15\" class=\"more-link\"><span class=\"screen-reader-text\">\u201eImpressum\u201c<\/span> weiterlesen<\/a><\/p>\n","protected":false},"author":1,"featured_media":0,"parent":0,"menu_order":0,"comment_status":"closed","ping_status":"closed","template":"","meta":{"footnotes":""},"class_list":["post-15","page","type-page","status-publish","hentry"],"_links":{"self":[{"href":"https:\/\/fg-patent.de\/index.php?rest_route=\/wp\/v2\/pages\/15","targetHints":{"allow":["GET"]}}],"collection":[{"href":"https:\/\/fg-patent.de\/index.php?rest_route=\/wp\/v2\/pages"}],"about":[{"href":"https:\/\/fg-patent.de\/index.php?rest_route=\/wp\/v2\/types\/page"}],"author":[{"embeddable":true,"href":"https:\/\/fg-patent.de\/index.php?rest_route=\/wp\/v2\/users\/1"}],"replies":[{"embeddable":true,"href":"https:\/\/fg-patent.de\/index.php?rest_route=%2Fwp%2Fv2%2Fcomments&post=15"}],"version-history":[{"count":2,"href":"https:\/\/fg-patent.de\/index.php?rest_route=\/wp\/v2\/pages\/15\/revisions"}],"predecessor-version":[{"id":53,"href":"https:\/\/fg-patent.de\/index.php?rest_route=\/wp\/v2\/pages\/15\/revisions\/53"}],"wp:attachment":[{"href":"https:\/\/fg-patent.de\/index.php?rest_route=%2Fwp%2Fv2%2Fmedia&parent=15"}],"curies":[{"name":"wp","href":"https:\/\/api.w.org\/{rel}","templated":true}]}}