{"id":11,"date":"2018-05-29T15:44:41","date_gmt":"2018-05-29T15:44:41","guid":{"rendered":"http:\/\/test.fg-patent.de\/?page_id=11"},"modified":"2024-09-13T14:18:44","modified_gmt":"2024-09-13T14:18:44","slug":"team","status":"publish","type":"page","link":"https:\/\/fg-patent.de\/?page_id=11","title":{"rendered":"Team"},"content":{"rendered":"<p class=\"mceTemp\" style=\"text-align: left;\">Ihre Angelegenheiten werden von dem Anwalt betreut, der aufgrund seiner Ausbildung am besten f\u00fcr den Fall geeignet ist. Handelt es sich um einen komplexeren Fall, stehen wir Ihnen gern auch mit einem interdisziplin\u00e4ren Team zur Verf\u00fcgung.<\/p>\n<figure id=\"attachment_67\" aria-describedby=\"caption-attachment-67\" style=\"width: 150px\" class=\"wp-caption alignleft\"><a href=\"https:\/\/fg-patent.de\/?page_id=60\"><img loading=\"lazy\" decoding=\"async\" class=\"wp-image-67 size-thumbnail aligncenter\" src=\"https:\/\/fg-patent.de\/wp-content\/uploads\/2018\/05\/friese_content_rechts-150x150.jpg\" alt=\"\" width=\"150\" height=\"150\" srcset=\"https:\/\/fg-patent.de\/wp-content\/uploads\/2018\/05\/friese_content_rechts-150x150.jpg 150w, https:\/\/fg-patent.de\/wp-content\/uploads\/2018\/05\/friese_content_rechts-100x100.jpg 100w\" sizes=\"auto, (max-width: 150px) 100vw, 150px\" \/><\/a><figcaption id=\"caption-attachment-67\" class=\"wp-caption-text\">Dr. Martin Friese, LL.M.<\/figcaption><\/figure>\n<figure id=\"attachment_74\" aria-describedby=\"caption-attachment-74\" style=\"width: 150px\" class=\"wp-caption alignleft\"><a href=\"https:\/\/fg-patent.de\/?page_id=62\"><img loading=\"lazy\" decoding=\"async\" class=\"wp-image-74 size-thumbnail\" src=\"https:\/\/fg-patent.de\/wp-content\/uploads\/2018\/05\/goeden_content_rechts-150x150.jpg\" alt=\"\" width=\"150\" height=\"150\" srcset=\"https:\/\/fg-patent.de\/wp-content\/uploads\/2018\/05\/goeden_content_rechts-150x150.jpg 150w, https:\/\/fg-patent.de\/wp-content\/uploads\/2018\/05\/goeden_content_rechts-100x100.jpg 100w\" sizes=\"auto, (max-width: 150px) 100vw, 150px\" \/><\/a><figcaption id=\"caption-attachment-74\" class=\"wp-caption-text\">Dr. Christian Goeden<\/figcaption><\/figure>\n<figure id=\"attachment_77\" aria-describedby=\"caption-attachment-77\" style=\"width: 150px\" class=\"wp-caption alignleft\"><a href=\"https:\/\/fg-patent.de\/?page_id=99\"><img loading=\"lazy\" decoding=\"async\" class=\"wp-image-77 size-thumbnail\" src=\"https:\/\/fg-patent.de\/wp-content\/uploads\/2018\/05\/haug_content_rechts-150x150.jpg\" alt=\"\" width=\"150\" height=\"150\" srcset=\"https:\/\/fg-patent.de\/wp-content\/uploads\/2018\/05\/haug_content_rechts-150x150.jpg 150w, https:\/\/fg-patent.de\/wp-content\/uploads\/2018\/05\/haug_content_rechts-100x100.jpg 100w\" sizes=\"auto, (max-width: 150px) 100vw, 150px\" \/><\/a><figcaption id=\"caption-attachment-77\" class=\"wp-caption-text\">Dietmar Haug, LL.M.<\/figcaption><\/figure>\n<figure id=\"attachment_76\" aria-describedby=\"caption-attachment-76\" style=\"width: 150px\" class=\"wp-caption alignleft\"><a href=\"https:\/\/fg-patent.de\/?page_id=95\"><img loading=\"lazy\" decoding=\"async\" class=\"wp-image-76 size-thumbnail\" src=\"https:\/\/fg-patent.de\/wp-content\/uploads\/2018\/05\/andrae_content_rechts-150x150.jpg\" alt=\"\" width=\"150\" height=\"150\" srcset=\"https:\/\/fg-patent.de\/wp-content\/uploads\/2018\/05\/andrae_content_rechts-150x150.jpg 150w, https:\/\/fg-patent.de\/wp-content\/uploads\/2018\/05\/andrae_content_rechts-100x100.jpg 100w\" sizes=\"auto, (max-width: 150px) 100vw, 150px\" \/><\/a><figcaption id=\"caption-attachment-76\" class=\"wp-caption-text\">Dr. Steffen Andrae (-2022)<\/figcaption><\/figure>\n<figure id=\"attachment_381\" aria-describedby=\"caption-attachment-381\" style=\"width: 150px\" class=\"wp-caption alignleft\"><a href=\"https:\/\/fg-patent.de\/?page_id=371\"><img loading=\"lazy\" decoding=\"async\" class=\"wp-image-381 size-thumbnail\" src=\"https:\/\/fg-patent.de\/wp-content\/uploads\/2024\/09\/Pini_Foto_red-150x150.jpg\" alt=\"\" width=\"150\" height=\"150\" srcset=\"https:\/\/fg-patent.de\/wp-content\/uploads\/2024\/09\/Pini_Foto_red-150x150.jpg 150w, https:\/\/fg-patent.de\/wp-content\/uploads\/2024\/09\/Pini_Foto_red-100x100.jpg 100w\" sizes=\"auto, (max-width: 150px) 100vw, 150px\" \/><\/a><figcaption id=\"caption-attachment-381\" class=\"wp-caption-text\">Dr. Cesare Pini<\/figcaption><\/figure>\n<p>&nbsp;<\/p>\n<p>&nbsp;<\/p>\n","protected":false},"excerpt":{"rendered":"<p>Ihre Angelegenheiten werden von dem Anwalt betreut, der aufgrund seiner Ausbildung am besten f\u00fcr den Fall geeignet ist. Handelt es sich um einen komplexeren Fall, stehen wir Ihnen gern auch mit einem interdisziplin\u00e4ren Team zur Verf\u00fcgung. &nbsp; &nbsp;<\/p>\n","protected":false},"author":1,"featured_media":0,"parent":0,"menu_order":0,"comment_status":"closed","ping_status":"closed","template":"","meta":{"footnotes":""},"class_list":["post-11","page","type-page","status-publish","hentry"],"_links":{"self":[{"href":"https:\/\/fg-patent.de\/index.php?rest_route=\/wp\/v2\/pages\/11","targetHints":{"allow":["GET"]}}],"collection":[{"href":"https:\/\/fg-patent.de\/index.php?rest_route=\/wp\/v2\/pages"}],"about":[{"href":"https:\/\/fg-patent.de\/index.php?rest_route=\/wp\/v2\/types\/page"}],"author":[{"embeddable":true,"href":"https:\/\/fg-patent.de\/index.php?rest_route=\/wp\/v2\/users\/1"}],"replies":[{"embeddable":true,"href":"https:\/\/fg-patent.de\/index.php?rest_route=%2Fwp%2Fv2%2Fcomments&post=11"}],"version-history":[{"count":26,"href":"https:\/\/fg-patent.de\/index.php?rest_route=\/wp\/v2\/pages\/11\/revisions"}],"predecessor-version":[{"id":400,"href":"https:\/\/fg-patent.de\/index.php?rest_route=\/wp\/v2\/pages\/11\/revisions\/400"}],"wp:attachment":[{"href":"https:\/\/fg-patent.de\/index.php?rest_route=%2Fwp%2Fv2%2Fmedia&parent=11"}],"curies":[{"name":"wp","href":"https:\/\/api.w.org\/{rel}","templated":true}]}}